he units digit of f?
6
Let r(a) = 6*a**2. Let x be r(1). Let h be 2/4 + 10/4. Let y = x - h. What is the units digit of y?
3
Let r be 1*(0 - 2) - -16. Let w = r - -7. What is the units digit of w?
1
Suppose 155 = 2*d - 61. What is the tens digit of d?
0
Let v(w) = 2*w**3 - 4*w**2 + 4*w - 3. Let x = 5 - 3. Let i be v(x). Suppose -2*q - 24 = -i*q. What is the units digit of q?
8
Let s(a) = -a**3 + 10*a**2 - a - 8. Let g be s(9). Suppose 5*z = -0*c + 2*c + g, 8 = -4*c. What is the tens digit of z?
1
Let n = 149 - 120. What is the tens digit of n?
2
Suppose 0 = c + 2*c. Let z be (c + 3)/((-3)/4). Let a = -2 - z. What is the units digit of a?
2
Suppose -25 = -2*x + 43. What is the tens digit of x?
3
Suppose 3*v - 476 = -v - 2*t, -3*v = -t - 352. What is the hundreds digit of v?
1
Suppose -l - 1 = -3*o, -3 = -4*o + 1. Suppose 3*p + 15 = 5*a, 2*a + l*p = -0*a + 6. What is the units digit of a?
3
Suppose 0 = 2*t - 2*d - 54, 4*t - 99 = -5*d + 54. Suppose 4*z = 2*v - t, -3*z - v = -2*z + 8. Let q = z - -21. What is the tens digit of q?
1
Let v(u) = -u**2 + 3*u + 0*u + 0*u**2 + 7 + 2*u. What is the units digit of v(5)?
7
Suppose 2*b - 60 = -0*y - 2*y, -4*b + 5*y = -147. What is the units digit of b?
3
Let k = -39 - -9. What is the units digit of (48/k)/(2/(-15))?
2
What is the units digit of (16 - 3)*(0 + 2)?
6
Suppose 0 = -a - 10 + 41. What is the tens digit of a?
3
Let i(g) = -84*g - 2. Let u be i(-1). Let k = u + -55. What is the tens digit of k?
2
Let u(h) = 2*h**2 - 5*h + 7. What is the tens digit of u(5)?
3
Let t be (-5)/15 + 25/3. What is the units digit of (t/(-12))/(2/(-15))?
5
Suppose 2*c - 3*c + 39 = 0. What is the units digit of c?
9
Let w = 117 + -69. What is the tens digit of w?
4
Suppose 0 = -g + 3*d + 13, 1 = -3*g - 4*d + 3*d. What is the units digit of g?
1
Suppose -q = 4*a + 2 - 9, 5*q = 5*a + 10. Let t = a + -8. Let y(r) = r**3 + 8*r**2 + 5*r - 5. What is the units digit of y(t)?
9
Let q(k) = 1. Let w(x) = -x - 3. Let p(c) = -4*q(c) - w(c). What is the units digit of p(11)?
0
Suppose 0 = -2*z - 8, -z - 70 = -5*c + 114. What is the units digit of c?
6
Let v(q) = 23*q**2 - 1. What is the units digit of v(-2)?
1
Let y(z) = z**2 + 8. Let x be y(0). Let v = 13 - x. Suppose v*u - 5*i + 3*i = 10, 3*i - 23 = -2*u. What is the units digit of u?
4
Let k(b) = b**3 + 5*b**2 - 6*b + 3. Let y be k(-6). Suppose 0 = y*n - 5*p - 86, n = 2*p - 0*p + 29. What is the tens digit of n?
2
Let y(b) be the second derivative of b**4/4 - 5*b**2/2 + 7*b. What is the tens digit of y(-4)?
4
Let u = -147 + 207. What is the units digit of u?
0
Let o be (8/12)/(1/3). Suppose 0 = -5*u - 20, -o*v + 38 = u - 4*u. What is the tens digit of v?
1
Let k = -9 + 23. Suppose -3*z - 40 = -5*d + 4*d, -105 = -4*d + z. Let t = d - k. What is the tens digit of t?
1
Let u = -114 - -212. What is the units digit of u?
8
Let w(n) = -n**3 + 8*n**2 + 4*n - 17. What is the tens digit of w(7)?
6
Let o(a) = a**2 - 2*a - 23. What is the units digit of o(10)?
7
Let c be 0/(2/4*2). Suppose c = -3*a - 5 + 41. Suppose 3*o - a - 12 = 0. What is the units digit of o?
8
Let n(p) = -61*p + 8. Let g(l) = 15*l - 2. Let k(f) = 18*g(f) + 4*n(f). What is the units digit of k(2)?
8
Suppose 5*u - 15 = -0*u. Suppose r + u - 35 = 5*t, 41 = 3*r - 4*t. What is the units digit of r?
7
What is the hundreds digit of 0 - 5/(-5)*139?
1
Suppose -3*a - 2*g + 3*g + 30 = 0, 19 = 2*a - g. What is the tens digit of a?
1
Let u(t) = t**3 - 15*t**2 + 19*t + 9. What is the units digit of u(14)?
9
Let p = -5 + 7. Suppose -p*o = o - 48. What is the units digit of o?
6
Suppose 4*o = -5*v + 569, -2*o - 63 + 517 = 4*v. What is the units digit of v?
3
Let a(p) = p**3 - 8*p**2 - 13*p + 8*p + 5 - 4. What is the units digit of a(9)?
7
Let c be (5/(-2))/((-1)/2). Suppose 3*x + c*p = 0, p = -p. Suppose 0 = -x*u - u + 8. What is the units digit of u?
8
Let v = 172 - 87. What is the units digit of v?
5
Suppose -5*s + 26 = 2*p, 0*p - s - 11 = -5*p. Suppose 0 = 2*i - 4*i. Suppose i = -7*h + p*h + 32. What is the units digit of h?
8
Suppose -3*j - 5*i = -363, -3*i = 3*j + i - 360. Suppose 0 = -5*d + j + 114. Suppose 54 = 5*h + r, -r - d = -4*h + r. What is the tens digit of h?
1
Suppose 2*r + 3*r = 0. Suppose -v + 31 = -r*v. What is the tens digit of v?
3
Suppose 4*p = -1 - 7. Suppose -23 = 4*h + 13. What is the units digit of 2 - (h + (0 - p))?
9
Suppose -2 = 2*u, 0 = 5*d + 3*u + u - 146. What is the units digit of d?
0
Suppose -5*b + 15 + 10 = 0. Suppose -4*x - b*l - 17 = -6*x, 3*x = 4*l + 15. What is the units digit of x?
1
Let u = -26 + 63. What is the tens digit of u?
3
Let b = 4 + -6. What is the units digit of b/(0 + 2) + 6?
5
Let b(g) = g**3 - 8*g**2 + 9*g - 10. Let d be b(7). Suppose 0 = y - 3*r - d, y - 5*r = -3*y + 30. What is the tens digit of y?
1
Suppose -5*r = -10, -2*i - i + 4*r + 118 = 0. What is the tens digit of i?
4
Let l(u) = -38*u**3 + 2*u**2 - 1. Let j be l(-1). Suppose o = 4*o - j. What is the tens digit of o?
1
Suppose -8*n + 4*n = -16. Let j be 29 + -2 + 3/(-1). Suppose 0 = -4*t - n + j. What is the units digit of t?
5
Let g(u) = -u + 13. What is the units digit of g(11)?
2
Let n(d) = -2*d + 12. Let o be n(8). Let h = 8 + o. What is the units digit of h?
4
Let c = -59 - -74. What is the tens digit of c?
1
Let n be (30/25)/(3/10). Let i = n + 1. Suppose -44 = -i*f - j, -5*f + j + 0*j = -36. What is the units digit of f?
8
Let q(s) = 2*s**3 + 4*s**2 + s - 2. Let u be q(-2). Let r(c) = 2*c**2 + 6*c + 3. What is the units digit of r(u)?
1
Suppose -2*j + 11 = 5. Suppose j*g + 0*g = 57. What is the units digit of g?
9
Let o(b) = 2*b**3 - 3*b**2 - b + 2. What is the tens digit of o(4)?
7
Suppose u - 2*a - 2 = -a, 0 = -3*u + a + 8. Suppose -u*i - 4*x + 46 = -2*i, 4*x - 16 = 0. What is the tens digit of i?
3
Let m(v) = v**2 - 14*v - 6. What is the tens digit of m(17)?
4
Suppose 7*r - 4 = 3*r. Let c(v) = 6*v**2 - 1. Let n be c(r). Suppose 17 = q - 5*p - 16, -n*q - 2*p = -57. What is the tens digit of q?
1
Let f = 51 + 18. What is the units digit of f?
9
Let t(p) = 8*p**2 - 5. Let y be t(-4). What is the tens digit of y/9 - (-1)/3?
1
Let t(x) = -4*x**2 + 11*x - 14. Let c(p) = 11*p**2 - 32*p + 41. Let w(i) = 3*c(i) + 8*t(i). Let h = 63 - 55. What is the tens digit of w(h)?
1
What is the units digit of 4/6 + 3710/42?
9
Suppose -2*o + 20 = 4*a, -7*o = -3*o + 2*a - 22. Suppose 4*u = -d - 11, -o - 6 = 2*u. Let k = 0 + d. What is the units digit of k?
9
Let x = 25 + -12. What is the units digit of x?
3
Suppose -5*h + 8*h = 387. What is the tens digit of h?
2
Let k(f) = -f - 3. Let w be k(-10). Suppose -20 = 5*i, h + 0*h + 4*i + w = 0. What is the units digit of h?
9
Let w(q) be the third derivative of q**4/24 + 5*q**3/3 + 4*q**2. Let t(i) = -i**2 + i - 1. Let n be t(3). What is the units digit of w(n)?
3
Let x be (0 + 5/2)*2. Suppose -x*p + 36 = -p. What is the units digit of p?
9
Let i(q) be the third derivative of -37*q**4/24 + q**3/6 + 4*q**2. What is the tens digit of i(-1)?
3
Let h(a) = -10*a + 2 + 2 - 8. Let z be h(-3). Suppose 5*d - 89 = z. What is the tens digit of d?
2
Let y(j) = 6*j - 1. What is the tens digit of y(7)?
4
Suppose 3*t + 12 = -0*t. What is the units digit of ((-6)/t)/((-9)/(-24))?
4
Let u(m) = m**2 - 8. What is the units digit of u(-4)?
8
Let v be (-27)/(-6) + (-3)/6. Suppose 0*g - 1 = -g - b, -v*g - 8 = b. Let p = g + 6. What is the units digit of p?
3
Let j be 3/(-12) + 5/4. Let m = -2 - j. What is the units digit of (1/3)/(m/(-126))?
4
Suppose -2*v - 3*v + 70 = -5*i, 3*v - 42 = -3*i. Suppose -5*g + 159 = 4*p + 22, -102 = -4*p + 2*g. What is the units digit of 46/v + (-8)/p?
3
What is the hundreds digit of ((-18)/4)/3*(-636)/9?
1
Let d(z) = 6*z**2 + 3*z + 3. What is the units digit of d(3)?
6
Let j = -80 + 297. What is the units digit of j?
7
Suppose 4*y + 5*x - 113 = 0, -y = 5*x - 15 - 17. What is the units digit of y?
7
Let f = 0 + -2. Suppose -4*u + 5*w + 2 = 0, -5*u + 3 + 20 = 4*w. What is the units digit of f*(33/(-6) + u)?
5
Suppose 3*f = -3*t + 4*t + 98, -2*f + 76 = 2*t. What is the units digit of f?
4
Let m(d) = 4*d**2 + d + 6. Let x be m(-3). Suppose 3*h - x = -4*q, 4 = -2*q - h + 21. What is the units digit of q?
6
Let s = -2 + 19. What is the units digit of s?
7
Suppose -k + 34 = 4*f - 35, f